t is b(4)?
-4
Let g(v) = -v**2 + 3129*v - 404194. Calculate g(135).
-4
Let f(a) = 216*a + 39054. Calculate f(-184).
-690
Let t(d) = 2*d**3 - 214*d**2 - 37*d + 5193. Calculate t(107).
1234
Let k(o) = -o**3 - 792*o**2 + 509037*o + 1259. Calculate k(420).
-1
Let c(v) = -5*v**3 + 45*v - 6. Calculate c(-5).
394
Let b(l) = 6573*l - 131464. Calculate b(20).
-4
Let q(p) = -10893*p - 43370. Calculate q(-4).
202
Let r(b) = 790*b - 2031. Give r(0).
-2031
Let d(l) = l**2 - 656*l - 39810. Determine d(-56).
62
Let z(r) = -r**3 - 769*r**2 + 43543*r + 1224. Calculate z(53).
5
Let n(u) = 469*u**2 - 3761*u + 57. Calculate n(8).
-15
Let m(h) = h**3 - 106*h**2 + 60*h - 17861. Determine m(107).
8
Let n(t) = t**3 + 256*t**2 + 134*t - 31104. Determine n(-255).
-249
Let f(k) = 183*k - 7095. Determine f(36).
-507
Let i(l) = 2*l**2 - 349*l + 3293. Determine i(9).
314
Let y(s) = 18750*s + 93744. What is y(-5)?
-6
Let x(c) = 975*c - 13895. Determine x(14).
-245
Let z(a) = 39538*a**2 - 118628*a + 6. Calculate z(3).
-36
Let d(a) = -3*a**2 + 6769*a + 338868. Calculate d(-49).
-16
Let u(t) = 346*t**2 + 1696*t - 33. Give u(-5).
137
Let v(i) = 2*i**3 + 4*i**2 + 1666*i + 10095. Calculate v(-6).
-189
Let i(b) = 12951*b + 246091. Give i(-19).
22
Let s(x) = 9010162*x + 72081289. Calculate s(-8).
-7
Let m(w) = -1328*w + 28259. Calculate m(22).
-957
Let f(v) = 12*v**2 + 306*v + 753. Give f(-23).
63
Let q(t) = -1236*t - 18740. Calculate q(-14).
-1436
Let k(c) = 10*c**2 + 31*c - 513. What is k(-9)?
18
Let d(a) = a**2 - 749*a + 139810. Determine d(394).
-60
Let i(d) = d**2 + 129*d + 3420. What is i(-97)?
316
Let l(b) = 956607*b + 5739637. Calculate l(-6).
-5
Let l(w) = 2*w**2 - 20627*w - 185841. Calculate l(-9).
-36
Let t(h) = -13563*h - 137421. Give t(-10).
-1791
Let s(h) = -h**3 + 8*h**2 + 47*h - 63. Calculate s(13).
-297
Let n(q) = -22*q**2 - 5306*q + 4507. What is n(-242)?
151
Let s(r) = -263*r**2 - 14025*r + 28048. Determine s(2).
-1054
Let n(h) = 232*h + 4145. Give n(-18).
-31
Let o(t) = -2*t**2 - 419*t - 13328. Determine o(-167).
867
Let h(l) = 2*l**3 + 165*l**2 + 237*l - 493. Give h(-81).
-7
Let u(x) = -2*x**2 + 5641*x - 45012. What is u(8)?
-12
Let k(z) = -z**3 - 292*z**2 - 5442*z - 847. Give k(-272).
-303
Let q(r) = 2141*r + 235528. Give q(-110).
18
Let g(f) = 68*f**3 + 10879*f**2 - 132*f + 4498. Give g(-160).
18
Let b(h) = -7*h**2 - 598*h - 362. Calculate b(-81).
2149
Let w(v) = 2*v**3 + 45*v**2 + 268*v + 213. What is w(-12)?
21
Let s(p) = 2037*p - 19072. Determine s(9).
-739
Let f(k) = 835*k + 70032. What is f(-84)?
-108
Let f(p) = -18*p - 1942. What is f(-67)?
-736
Let k(l) = 8*l**2 - 142*l - 550. What is k(-4)?
146
Let c(z) = 105*z - 8109. Determine c(77).
-24
Let g(c) = -450*c**2 + 711908*c - 12657. What is g(1582)?
-1
Let v(l) = 8*l**2 + 319*l + 3208. Calculate v(-20).
28
Let m(o) = -o**3 + 46*o**2 - 403*o + 94. Calculate m(11).
-104
Let z(h) = -70*h + 3878. Calculate z(8).
3318
Let u(c) = -2*c**2 + 1618*c - 125632. Give u(87).
-4
Let j(g) = -21*g**2 + 4969*g + 9942. What is j(-2)?
-80
Let b(z) = 5*z**2 + 17919*z + 89538. Determine b(-5).
68
Let n(t) = t**3 - 289*t**2 - 1138*t - 9960. Determine n(293).
2
Let s(t) = 323*t**2 - 27775*t - 71. Give s(86).
187
Let v(f) = f**3 + 4*f**2 - 107*f + 15. Determine v(-11).
345
Let n(c) = 70*c**2 - 118*c - 4. Calculate n(4).
644
Let c(w) = -432*w + 11345. Give c(26).
113
Let k(o) = 357*o**2 + 4150*o + 19. Give k(-12).
1627
Let g(p) = 36*p**2 - 1251*p + 4417. Calculate g(4).
-11
Let d(u) = -u**3 + 102*u**2 + 2380*u - 283801. Determine d(96).
-25
Let a(q) = -20161*q + 40503. Determine a(2).
181
Let z(t) = 4*t**3 - 21*t**2 - 1858*t + 11232. Determine z(6).
192
Let h(r) = 2*r**3 - 161*r**2 - 2148*r + 103373. Determine h(86).
1
Let r(q) = -5*q**2 + 35*q - 265. What is r(9)?
-355
Let d(v) = -2994*v - 832340. Give d(-278).
-8
Let o(s) = 930*s + 6806. Calculate o(-9).
-1564
Let j(k) = 401*k - 33311. Give j(83).
-28
Let t(q) = -1174*q**2 - 604*q + 604. What is t(1)?
-1174
Let n(c) = 923*c + 28908. What is n(-33)?
-1551
Let i(s) = 3*s**3 + 233*s**2 + 143*s + 1920. Calculate i(-77).
2767
Let u(g) = 1982*g**2 - 7997*g + 285. Calculate u(4).
9
Let w(v) = -1692*v - 652994. What is w(-386)?
118
Let o(d) = 2*d**3 + d**2 - 268*d - 324. What is o(0)?
-324
Let r(a) = 2*a**3 + 32*a**2 - 922*a + 204. Determine r(-31).
-44
Let l(t) = 301*t - 4728. Calculate l(15).
-213
Let j(r) = 27*r**2 + 431*r + 409. Determine j(-13).
-631
Let r(l) = 13281*l + 2496827. What is r(-188)?
-1
Let f(x) = 35*x**3 + 210*x**2 + 199*x + 1184. Calculate f(-6).
-10
Let y(j) = 37323*j**2 - 186613*j + 12. Calculate y(5).
22
Let j(g) = -2958*g - 8237. What is j(-3)?
637
Let r(f) = 13909*f + 361220. Determine r(-26).
-414
Let c(m) = -3*m**3 + 273*m**2 + 192*m - 17467. Determine c(91).
5
Let m(x) = -182*x - 10482. Give m(-59).
256
Let u(p) = p**3 + 19*p**2 + 51*p + 47. Give u(-17).
-242
Let o(k) = k**3 - 32*k**2 - 1249*k + 7188. Calculate o(53).
-20
Let g(l) = -6*l**2 + 1788*l + 692644. Determine g(520).
4
Let h(v) = v**3 - 61*v**2 + 167*v - 2880. Give h(59).
11
Let p(j) = 21*j**2 + 6934*j + 47510. What is p(-7)?
1
Let z(v) = -14*v**2 + 1025*v + 18639. Calculate z(-15).
114
Let a(s) = -2933*s - 2988. Determine a(-1).
-55
Let l(d) = 501*d - 147789. Calculate l(295).
6
Let x(b) = -138*b + 9105. Give x(70).
-555
Let u(d) = -9*d**2 - 8226*d + 27. What is u(0)?
27
Let u(r) = -r**2 + 254*r + 324. Determine u(255).
69
Let p(f) = -f**3 - 44*f**2 + 754*f + 31. What is p(12)?
1015
Let w(x) = x**2 - 791*x + 31531. Calculate w(38).
2917
Let i(y) = 1389*y + 281946. Give i(-203).
-21
Let f(l) = 55400*l - 1551200. Calculate f(28).
0
Let j(w) = -26*w - 10870. Determine j(-418).
-2
Let n(t) = -3*t**3 + 12*t**2 - 55*t - 12. Give n(5).
-362
Let z(o) = 521*o - 77. Calculate z(-1).
-598
Let k(u) = -u**3 + 52*u**2 - 62*u - 250. What is k(51)?
-811
Let j(c) = -31*c**3 + 17474*c**2 - 29222*c - 1118. Determine j(562).
6
Let w(u) = 19146*u + 38671. Give w(-2).
379
Let c(y) = -2*y**3 - 1981*y**2 - 5992*y - 187. Give c(-3).
14
Let r(b) = -51414*b - 1542444. Give r(-30).
-24
Let a(b) = 601*b - 51028. What is a(85)?
57
Let u(s) = 6*s**3 + 27*s**2 + 150*s + 732. What is u(-5)?
-93
Let w(y) = 2*y**3 - 36*y**2 - 128*y + 1831. Determine w(19).
121
Let i(j) = 4322*j - 8650. What is i(2)?
-6
Let q(m) = 12*m**3 - 110*m**2 + 288*m - 13. Give q(6).
347
Let w(z) = -2*z**2 + 639*z + 14682. Give w(341).
19
Let w(g) = -12721*g + 178092. Give w(14).
-2
Let r(c) = -6*c**3 + 62*c**2 - 29*c - 387. Calculate r(9).
0
Let t(g) = 2*g**2 - 893*g + 88794. Give t(297).
-9
Let k(o) = o**3 + 429*o**2 - 11352*o + 77. Determine k(25).
27
Let o(p) = -2*p**3 - 148*p**2 - 262*p - 19373. What is o(-74)?
15
Let o(d) = d**3 + 28*d**2 + 4240*d + 129243. Calculate o(-30).
243
Let n(k) = -126*k + 2777. Calculate n(22).
5
Let b(s) = 11514*s - 380039. Calculate b(33).
-77
Let w(u) = -14387*u - 589886. Determine w(-41).
-19
Let f(m) = 2*m**3 - 496*m**2 + 472*m + 5055. Calculate f(247).
-379
Let x(n) = 159*n - 4006. What is x(22)?
-508
Let h(k) = 15855*k + 1046335. Give h(-66).
-95
Let g(b) = 437*b**2 - 262*b + 550. Determine g(2).
1774
Let k(l) = 13*l**2 - 40850*l - 809471. Give k(3162).
1
Let b(n) = 9568*n + 38287. Give b(-4).
15
Let p(d) = -78*d + 3850. Give p(23).
2056
Let w(i) = i**3 - i**2 - 14250*i + 46. Give w(0).
46
Let k(y) = -47*y**3 - 114*y**2 - 10*y - 27. Determine k(-5).
3048
Let i(b) = 36*b**2 + 628*b - 4441. Determine i(6).
623
Let l(k) = -28706*k + 344456. Calculate l(12).
-16
Let s(a) = -6*a**2 - 95*a - 246. Calculate s(-7).
125
Let u(d) = -d**2 - 5305*d - 47811. Determine u(-9).
-147
Let k(n) = 14069*n + 69790. Give k(-5).
-555
Let y(v) = -6*v**2 + 415*v - 7105. Calculate y(38).
1
Let q(f) = -31699*f + 1109555. Calculate q(35).
90
Let w(h) = -17*h**2 - 1361*h - 3991. What is w(-77)?
13
Let w(q) = -3*q**2 - 1831*q - 47833. What is w(-583)?
-27
Let z(l) = -16*l**2 - 10288*l - 199351. What is z(-20)?
9
Let c(n) = 36864*n - 1105865. Calculate c(30).
55
Let a(h) = -14*h**2 - 3368*h - 1501. Calculate a(-240).
419
Let b(i) = i**2 + 46107*i + 492. Determine b(0).
492
Let b(f) = 3*f**3 + 48*f**2 - 54*f - 139. Determine b(-18).
-1111
Let j(h) = -124047*h - 16374191. Determine j(-132).
13
Let v(t) = -t**3 - 12*t**2 + 2276*t + 33517. Give v(-